 be -1 + 1 - (0 - -1). Let q(y) = -8*y - 1. Let h(r) = 9*r + 1. Let j(s) = 5*h(s) + 6*q(s). Give j(u).
2
Let h(x) = -x + 11. Let z be ((-18)/(-4))/9*12. Give h(z).
5
Let q(d) be the second derivative of d**4/8 + d**3/3 + 4*d**2 - 6*d. Let k(t) be the first derivative of q(t). Suppose c + 0*c = 2. What is k(c)?
8
Let m(i) = i**3 - 4*i**2 + 3*i - 2. Let c be 3 - 1*(2 + -5). Let f(q) = q**2 - 4*q - 2. Let z be f(5). Let l = c - z. Calculate m(l).
-2
Let b(u) = -u - 8. Let j = 17 - 22. What is b(j)?
-3
Let t(i) = -20*i**3 - 11*i**2 + 23*i - 20. Let c(d) = 7*d**3 + 4*d**2 - 8*d + 7. Let n(p) = -17*c(p) - 6*t(p). Determine n(2).
-3
Let j(p) be the second derivative of -p**5/20 - 7*p**4/12 - 4*p**3/3 - 4*p**2 - 24*p + 2. Determine j(-6).
4
Let f(o) = -o**2 + 2. Suppose t - 5*q = 3, -4*t - 3*q - 2 - 9 = 0. What is f(t)?
-2
Let j(f) = -f**3 + 9*f**2 + 11*f - 4. Let i = 111 + -101. Calculate j(i).
6
Let u(w) = -w**3 - w**2 + 2*w + 4. Let b(f) = 4*f**3 + 5*f**2 - 9*f - 15. Let z(m) = -2*b(m) - 9*u(m). Let t = -2 - -2. Suppose t*l + 4*l = 0. Determine z(l).
-6
Let r(k) be the third derivative of 1/6*k**3 - 7/120*k**6 - 2*k**2 + 1/24*k**4 - 1/60*k**5 + 0*k + 0. Calculate r(-1).
6
Let m = 4 + -7. Let g(t) = 2*t + 2. Let h be g(m). Let w(d) = 5*d**2 - 1 - 2*d**2 + 2*d - 2*d**2. Determine w(h).
7
Let v(b) = -b + 9. Let p(f) = -f**3 + 3*f**2 + 3*f. Let q be p(4). Suppose -z + 2 = -4*u + 10, 4*u = -2*z - 4. Let x = z - q. Give v(x).
9
Let s(x) = 1 - 2*x + 4*x + 3*x. Let b(k) = k**2 + 7*k + 7. Let a be b(-6). Determine s(a).
6
Let d(g) = -g**3 - 7*g**2 - 4*g - 7. Let q(l) = -5*l**2 + 3*l - 4. Let w be q(1). Determine d(w).
-19
Let i = 9 + -10. Let s(o) = 2*o + 1. What is s(i)?
-1
Let i(p) = 10 - 2*p + 3*p - 4. Let f be i(-7). Let u(r) = 28*r + 29*r - 3*r**3 + 0*r**2 - 55*r + 2*r**2 + 1. Calculate u(f).
4
Let q be (-10)/6 - (-4)/6. Let n(i) = -i**3 - 9*i**2 - 5*i - 7. Let h(t) = t**2 + 1. Let l(k) = q*n(k) - 5*h(k). Determine l(-3).
-4
Let m(k) = 2*k**3 - 2*k**2 + k. Let h be m(1). Let l(t) = -2*t**2 + 0*t**2 + 2*t - 4*t - t**2 - h. Let r(a) = -a**2 - 5*a - 6. Let w be r(-4). Calculate l(w).
-9
Let i(d) = d**2 - 1. Suppose 3*x = -5*m - 32, -5*x = -4*m + 3*m + 16. What is i(m)?
15
Let f(y) be the first derivative of 2*y**2 + y + 1. Let q be f(1). Suppose q - 20 = 3*n. Let g(h) = -h**3 - 6*h**2 - 6*h - 3. Calculate g(n).
2
Suppose 0 = j + o - 10, -2*j - 5*o = -39 + 4. Let l(n) be the third derivative of n**4/24 + n**3/3 - 6*n**2. Give l(j).
7
Let x(i) = -i**3 - 5*i**2 + 3*i + 2. Let m(a) = -a - 12. Let w be m(-7). What is x(w)?
-13
Suppose 3*k - 4*t + 7 = 0, -2*t + 7 = k - 6*k. Let v(i) be the third derivative of -11*i**6/120 + i**5/60 + i**4/12 + i**3/6 - 7*i**2. Determine v(k).
11
Let m(l) = -l**3 + 3*l**2 + 7*l - 3. Let a be (-138)/(-33) - (-12)/(-66). Suppose -a*j - j + 28 = d, 0 = -3*j + 4*d + 3. What is m(j)?
-18
Let w(r) = -8*r + 5. Let f(a) = a + 1. Let g(y) = 4*f(y) + w(y). Calculate g(6).
-15
Let i(a) be the second derivative of -1/20*a**5 + 8*a + 1/4*a**4 + 0 - 1/2*a**2 - 1/2*a**3. Calculate i(3).
-10
Suppose 1 = -2*q - 5. Let o(p) = p + p**3 + 2 + 0 - 3*p + 2*p**2. Calculate o(q).
-1
Let b(d) = d**3 + 5*d**2 + 4*d - 1. Let n be b(-3). Suppose w + 5*f = -4*w, 5*w - n*f - 50 = 0. Let g(o) = -o**2 + 3*o - 4. Give g(w).
-14
Suppose -2*w = -2*g, -4*w = 2*g - g + 15. Let y(h) = 6*h + 4. What is y(w)?
-14
Suppose 0*a = 5*a + 15. Let o(g) be the first derivative of 3*g**2/2 + 4*g - 9. Give o(a).
-5
Let t(x) = 12*x + 5. Let c(s) = -2*s - 1. Let f(i) = -33*c(i) - 6*t(i). What is f(3)?
-15
Let a(w) = -w**3 + 5*w**2 - 5*w + 2. Let f be a(4). Let i(j) = -2*j**3 - 2*j - 2. What is i(f)?
18
Let h(n) = n**2 - 3*n + 3. Let y be (-60)/8*(-4)/5. Suppose -5*q + 13 = -3*w + 3, -3*q + w = -y. Suppose -5*l + q*d + 18 = 0, -3*l + 4*d = -2*l. Calculate h(l).
7
Let r(s) = s - 2. Suppose -6 = 3*z - 63. Let l be z/4 - 6/(-24). What is r(l)?
3
Let j(u) = 2*u**2 - u + 2. Let l be j(1). Let k(t) = -2*t + 15. Suppose -3*r - r + 16 = 0. Let o(f) = f - 7. Let a(b) = r*k(b) + 9*o(b). Give a(l).
0
Let r be (12/(-8))/((-6)/8). Suppose 0 = 3*t, -3*t - 5 = 3*b - r*b. Let h(j) = j**2 + 4*j - 7. Calculate h(b).
-2
Let m(b) = -b**2 + b - 7. Let f(p) = -3 + 3*p - 2*p + 1. Let r be f(2). Let a = r - 0. Determine m(a).
-7
Let m(f) = -f**2 + 2*f + 4. Let h = -5 - -7. Let p be (h/3)/((-4)/6). Let v(o) = -4*o**3 - 2*o**2 - o. Let d be v(p). Determine m(d).
1
Let a(m) be the first derivative of -m**7/840 + m**6/360 - m**5/120 - m**4/2 - 4*m**3/3 - 1. Let b(n) be the third derivative of a(n). Determine b(0).
-12
Suppose 0 = n - 3. Let t be 6/4*4/n. Let h(o) = 2 + 1 - t - 5*o. What is h(-1)?
6
Let j(c) = c**2 - 4*c - 4. Let h be j(4). Let m(g) be the third derivative of -g**5/60 - g**4/6 + g**3/2 - 3*g**2. Determine m(h).
3
Let i(d) = -11*d - 23. Let v(x) = -5*x - 11. Let a(j) = -4*i(j) + 9*v(j). Suppose -4*h = -36*o + 40*o - 4, 3 = -4*h + 3*o. Give a(h).
-7
Let v(m) be the first derivative of -m**3/3 - 7*m**2/2 - 4*m - 16. Suppose 0 = 5*f - 5*q + 40, -5*f = -2*q + 25 + 6. Determine v(f).
6
Let y(d) = d. Let x(c) = -c**2 + 8*c + 1. Let t be x(8). Let u be y(t). Let v(q) = -3*q**3 + q - 1. What is v(u)?
-3
Let n be -2 - 1 - (-8)/1. Let r(i) = -i**3 + 6*i**2 - 4*i - 1. Calculate r(n).
4
Let y be (28/(-42))/((-2)/(-12)). Let z(g) be the third derivative of g**5/60 + g**4/6 - g**2. Calculate z(y).
0
Let x(n) = n - 5. Let f be (42/30)/((-2)/(-10)). Let z be x(f). Let t(y) = -z - 10*y + 3*y + y + 1. Calculate t(-1).
5
Suppose 2 = -4*y + 5*x - 0, 5*y - 8 = x. Let z(l) be the third derivative of 0*l - 5/24*l**4 + 1/60*l**5 + 0 + 1/3*l**3 - y*l**2. Give z(3).
-4
Let d(t) be the third derivative of -t**6/60 + t**4/12 + t**3/6 - 35*t**2. Determine d(-1).
1
Let i(o) be the second derivative of -o**3/6 - 2*o. Suppose k - 5*m = -k + 12, 0 = 3*k - 5*m - 18. Suppose -2*a - 2 = -2*p - a, -2*a = -5*p + k. Give i(p).
-2
Let h(g) = 7*g**2 + g. Let x be -4*(0 + (-15)/(-12)). Let d = x - -4. What is h(d)?
6
Let m(u) be the second derivative of u**5/20 + u**4/3 + u**3/6 - u**2/2 - 8*u. Calculate m(-4).
-5
Let z(n) = -11*n**3 + 11*n**2 + 9*n + 20. Let c(f) = 4*f**3 - 4*f**2 - 3*f - 7. Let d be (3/9)/((-2)/(-18)). Let q(j) = d*z(j) + 8*c(j). Determine q(3).
-5
Suppose 3*o - 307 = -289. Let z(p) be the second derivative of p**3/3 - p**2 - p. What is z(o)?
10
Let c(y) = -y**2 - 6*y + 16. Let s be c(-8). Let r(m) be the third derivative of 1/120*m**6 + m**3 + 0 + 2*m**2 + s*m - 1/60*m**5 + 0*m**4. Give r(0).
6
Let j = -1 - -3. Suppose -j*t + 3*t - 3 = 0. Let s(l) = 2*l**2 + 3*l**2 - l**t + l - 3*l**2 - 3*l**2. Calculate s(-2).
2
Suppose 0*k = k + 5*n + 10, -5*k - 2 = n. Let i(b) = b + 4. Give i(k).
4
Suppose 26 + 39 = -5*z - 5*q, 3*q = 4*z + 73. Let j = -20 - z. Let u(y) = y**3 + 4*y**2 + 2. Give u(j).
2
Let w(t) = -6*t**2 - 1 + 1 + t**3 + 1 - 12*t + 9*t. What is w(6)?
-17
Suppose -2*m - 3*m = -10. Let g = 18 + -13. Let u(d) = g - 1 - 3*d - 2. What is u(m)?
-4
Let c(n) = -n**2 - n - 1. Let w be (-2)/(-7) - (-5)/7. Suppose -3*l - w = 2. Calculate c(l).
-1
Let u(c) = c + 12. Let o = -2 + -3. Let g be 2/o*(19 - 4). Give u(g).
6
Let l be (-72)/(-15) - (-4)/20. Suppose -35 = -5*q + 4*o, 0*q - l*o = -4*q + 28. Let k(x) = -3*x + 2*x - q + 4*x - 4*x. Determine k(-5).
-2
Suppose -3*i + 0 = -6. Let y(m) be the first derivative of m**6/360 + m**5/120 - 2*m**3/3 - 2. Let n(d) be the third derivative of y(d). Determine n(i).
6
Let n(f) be the second derivative of -f**5/120 - f**4/12 - f**3/3 - 5*f. Let s(v) be the second derivative of n(v). Let b = 8 + -13. Calculate s(b).
3
Let v(r) = -3*r**3 - 2*r**2 - 2*r**3 + 6*r**3 - 3*r**2 - 7. Calculate v(5).
-7
Let y(r) = r**2 + 6*r + 4. Let a(j) = 2*j + 1. Let d be a(-3). Calculate y(d).
-1
Let d(u) = u**2 + 5*u - 6. Let y be d(-6). Let q(h) = h**2 + 2. Let t be q(0). Let l(x) = 0*x + 5 - x + t - 1. Calculate l(y).
6
Let o(k) = k**2 - 9*k + 10. Let g be o(8). Let n(u) = u**2 + u + 3. Let s be n(0). Let m(z) = -3*z**3 + 0*z**s + 4 + 5*z - 2*z**2 + g*z**3. Calculate m(-3).
-2
Let x(w) = w**3 + 21*w**2 + 22*w + 44. Let u be x(-20). Let o(g) = 7*g - 4*g**2 - 4*g + 3*g**2 - 2. What is o(u)?
-6
Let k(m) be the first derivative of 1/3*m**3 - 3 - 3/2*m**2 + 4*m. Give k(3).
4
Let m = 15 - 14. Let t(l) be 